he thousands digit of r(13)?
2
Suppose k = -2*v, -5*v - 2 = 2*k - 0*k. What is the tens digit of v*8/(-4) - -15?
1
Let g = 3 - 9. Let f(t) = t**2 + 10*t - 14. Let j(y) = -y**2 - 9*y + 13. Let i(z) = -5*f(z) - 6*j(z). What is the units digit of i(g)?
4
What is the tens digit of ((-9)/(-36))/(4/4048)?
5
Let v = -55 + 110. Suppose -4*u = -s - 157, 5*s - v = 3*u - 4*u. What is the tens digit of u?
4
Let o be 4/(-3) - 6/9. Let z(q) = -28*q + 7. What is the units digit of z(o)?
3
Suppose 6*i - i = -3*k + 10057, -4*k = 5*i - 13411. What is the tens digit of k?
5
Let g(o) = o**3 - 14*o**2 - 17*o + 26. Let a be g(15). What is the tens digit of (-66)/(-12)*39*a/(-6)?
4
Suppose -3*v = 2*v - 5, -5*d + 31 = -4*v. Let a be (-8)/28 - (-128)/d. What is the units digit of (a/(-27))/((-1)/15)?
0
Let y(i) = 38*i**3 - 7*i**2 + 24*i + 12. What is the hundreds digit of y(4)?
4
Suppose 4*s - 3*t + 7 = 14, 3*s - 19 = 5*t. Let c(q) = -20*q + 2. What is the tens digit of c(s)?
4
Let j(h) = h**3 + h**2 - h + 10. Let v be j(0). What is the units digit of 1 + 9 + v + -11?
9
Let p be (5/(70/612))/(3/21). Suppose -4*b - 90 = -p. What is the units digit of b?
4
Suppose 3*b - 4*b = -106. Suppose 4*x - b = 3*q, 0 = -4*q - 6 - 2. What is the units digit of x?
5
Let f(d) = -d**2 + 10*d + 1. Let s be f(8). Let l = s - 10. Let m = 15 - l. What is the units digit of m?
8
Let u(v) = 6*v**2 - 44*v - 74. What is the hundreds digit of u(-15)?
9
Suppose 5 = -v + 7. Let b(u) = 8 + 4*u + u**3 + 5*u**2 + 15*u**v - 15*u**2. What is the units digit of b(-4)?
8
Suppose -4*n + 274 = -17*r + 16*r, 4*n + 4*r - 264 = 0. What is the units digit of n?
8
What is the hundreds digit of (10 + (-470)/15)*(-906)/4?
8
Suppose -3*i + 83 - 7 = p, -p - i = -68. Suppose 24 = -c + p. What is the units digit of c?
0
Suppose 0*z + 70 = 4*z - 2*b, -4*b - 28 = -z. Let i = z + 39. What is the tens digit of i?
5
Suppose 0 = x + 5*k - 785, -1358 = -2*x + 2*k + 224. Suppose -10 = -5*m, 0*l = -5*l - 5*m + x. What is the hundreds digit of l?
1
Let q(v) = -10*v**3 + 3*v**2 + 3*v + 3. Let h be q(-2). Let z = h + -42. What is the tens digit of z?
4
Let q be (5/(-15))/(1/(-12)). Suppose -52 = -q*j + 48. Let o = 58 - j. What is the tens digit of o?
3
Let i = -2457 - -3985. What is the thousands digit of i?
1
Suppose 0 = 55*i - 56*i + 4*w + 601, -i - 2*w + 589 = 0. What is the units digit of i?
3
Let w(h) = -h + 5. Let x be w(3). Suppose -280 = -x*n + 240. What is the units digit of n/4*(-6)/(-10)?
9
Suppose -2*u = -2*w + 26, -w - 2*w + 5*u + 41 = 0. Let b = w + -8. Let f = b + 8. What is the units digit of f?
2
Let m be 0/1 - (-100)/25. Suppose -u + 383 = 5*y, -m*y = -y + 2*u - 227. What is the tens digit of y?
7
Let q(y) = -y**2 - 2*y. Let b be q(-2). Let r(c) = -3*c - 15. Let z be r(-7). Suppose b*v + 4*p = -2*v + 46, -3*p - z = 0. What is the tens digit of v?
2
Let g(a) = -a**3 + 4*a**2 - 2*a - 1. Let p be g(3). Let f be ((-1)/p)/((-1)/(-28)). Let d = f + 18. What is the units digit of d?
4
Let a(t) = -2*t + 6. Let z be a(0). Suppose 476 = z*u - 370. What is the units digit of u?
1
Suppose -5*o + 3*o = q - 76, 4*o - q = 152. Let w(a) = -17*a - 217. Let n be w(-13). Let c = o - n. What is the units digit of c?
4
Let s = 6 - 4. What is the units digit of s*4/(-8) - -49?
8
Suppose -2 = n + 2*f - 1, 0 = -5*n - f + 13. Suppose 4*p = -5*b + 321, -n*b + 2*p - 3*p + 187 = 0. What is the units digit of b?
1
What is the units digit of (69/6 - -6)/((-2)/(-4))?
5
Let k = -4 - -2. Let i be k/15 + 2548/210. Suppose -i - 48 = -3*n. What is the tens digit of n?
2
Suppose 0*r + 335 = 5*r. Let m = 90 + -42. Let f = r - m. What is the units digit of f?
9
Let n = 106 + -63. Let p(f) = -6*f - 1. Let m be p(-1). Suppose -2*t + i + n = 0, 0 = m*t + 3*i - 8*i - 100. What is the tens digit of t?
2
Let q(d) = 4*d**2 + d - 7. Let v be q(-5). Suppose 5*y = y + v. Suppose -5*t + y + 138 = 0. What is the tens digit of t?
3
Let n = 42 + -39. Suppose -n*z = -49 - 152. What is the tens digit of z?
6
Let m(t) = -6*t**3 - t**2 - t + 2. Let x be m(-2). Suppose -3*d + x + 171 = 0. What is the units digit of d?
3
Let c(v) = 2*v**3 - v**2 - 1. Suppose 6*m - 4 = 4*m. Let j be c(m). Let f = 29 - j. What is the units digit of f?
8
Suppose 30*m + 210 = 36*m. What is the units digit of m?
5
Let a(z) = -7*z + 16. Suppose 4*r = -23 - 13. What is the tens digit of a(r)?
7
What is the units digit of ((-2389)/3)/(296/(-24) - -12)?
9
Suppose 0 = -2*l + c - 4*c + 207, 4*c - 20 = 0. Suppose l = 3*b - 507. What is the units digit of b?
1
Let w = 304 - 75. Suppose 5 = 2*c + 3, 4*c - w = -5*m. What is the units digit of m?
5
Let a = -339 + 1135. What is the hundreds digit of a?
7
Let a be (6/4)/(2/12). Let o = 11 - a. Suppose -u + 3*u = o. What is the units digit of u?
1
Suppose 0*w = -8*w + 408. Let o = -23 + 39. Let x = w - o. What is the tens digit of x?
3
Let b(y) = 3*y + 14. Suppose 6*c - 19 - 89 = 0. What is the tens digit of b(c)?
6
Suppose -1 = -d, 0*d = 2*w - 4*d - 364. Let f = w - 12. What is the tens digit of f?
7
Let n = 315 - 223. Let q = 175 - n. What is the units digit of q?
3
Suppose -4 = g - 6. Suppose 0*x + 5*x + 2*o = 76, -36 = -g*x + 2*o. What is the tens digit of ((-108)/x - -2)*-4?
1
Let p = 875 - 495. What is the tens digit of p?
8
What is the hundreds digit of (79128/48)/(4/8)?
2
What is the tens digit of (-16)/(-104) - (-657)/39?
1
Let g = -1257 + 2305. Suppose -10*n - 288 = -g. What is the tens digit of n?
7
What is the tens digit of ((-21384)/54)/(1/(-11)) - -6?
6
Let y be (2 + -4)*2*1/4. What is the hundreds digit of y + 259 + (2 + 4 - 2)?
2
Let m = 40 - 15. Suppose -m = -5*y, y = -3*g - y + 4. Let u(n) = -2*n**3 + 3*n**2 + 3*n + 1. What is the tens digit of u(g)?
2
Suppose 0 = -10*s + 3*s + 1414. Suppose s = 2*j - 366. What is the units digit of j?
4
Let s(k) = -k**3 - 5*k**2 - 5*k - 1. Let h be s(-4). Suppose -o = 2*o + u, -h*u = 5*o. Suppose o = -5*l + l + 84. What is the tens digit of l?
2
Suppose 2*k + d + 5963 = 4*k, -4*k = d - 11911. What is the units digit of k?
9
Let q = -455 - -852. What is the tens digit of q?
9
Let j be 4 - 32*3/6. Let p = -24 - -3. Let w = j - p. What is the units digit of w?
9
Suppose -o = 4*i + 12, 5*o + 0*i + 30 = -5*i. Let g be (28/(-42))/(o/(-6)). Let u = 6 - g. What is the units digit of u?
7
Let c be (-3)/(1 + (-6)/5). Let o = 13 + -16. What is the units digit of 220/c + o/(-9)?
5
Let k(w) = 4*w + 2*w - 6*w + 3 - w. Let t be k(5). Let i = 6 + t. What is the units digit of i?
4
Let s(k) = -k**2 + 12*k - 17. Let w be s(11). Let d(o) = -14*o - 26. What is the tens digit of d(w)?
5
Let y = -67 + 75. Suppose 0 = y*c - 4*c - 60. What is the tens digit of c?
1
Let t be (52/(-91) - (-68)/21)*330. Suppose -2*n + t = 3*n. What is the hundreds digit of n?
1
Let w(m) = 2*m + 2. Let z be w(1). Suppose 40 - 164 = -z*u. What is the tens digit of u?
3
Suppose -2*x - 42795 = -47*x. What is the hundreds digit of x?
9
Let q(x) = -12*x + 96. What is the hundreds digit of q(-18)?
3
Let y = 69 + -66. What is the tens digit of ((-128)/6)/((-2)/y)?
3
Suppose -b + 585 = 7*a, 4*b + 0*b + 4*a = 2316. What is the hundreds digit of b?
5
Let o be (15/6)/(3/(-6)). Let t(y) = -y - 2. Let r be t(o). Suppose 5*x = -r*p + 5, 6*p = 2*p - 20. What is the units digit of x?
4
Let s(a) = -a**2 + 5*a - 6. Let k be s(2). Suppose 0 = -2*y - 3*r + 164, 0 = -k*y + 3*y + 5*r - 244. What is the units digit of y?
8
Suppose -7*x = -14*x + 742. What is the units digit of x?
6
Let u = 47 - 45. Suppose 5*f + 2*i - 286 = 0, 0 = u*f + 3*f - 5*i - 265. What is the units digit of f?
6
Suppose -4*x + 2927 = -y, 2*y + 2197 = 3*x + 3*y. What is the units digit of x?
2
Suppose p = -5*n + n + 12, -3*p - 24 = -3*n. Let d = p + 8. Suppose 3*y = -0*r - r + 64, -d*y + 64 = -4*r. What is the tens digit of y?
2
What is the tens digit of 14120/50 - (-10)/(-25)?
8
Let s(o) = o**3 - 3*o**2 + 3*o - 3. Let i be s(3). Let j be (-84 - -3) + (i - 5). Let u = -16 - j. What is the tens digit of u?
6
Suppose -6*p + 438 = 102. Suppose 0*m + p = j + 3*m, 60 = j - m. What is the tens digit of j?
5
Let p = -47 - -2. Let u be 16/(-6)*p/20. Suppose -u*f = -3*f - 51. What is the units digit of f?
7
Let u(j) = j**2 + 5*j. Let a(k) = 2*k**2 + 6*k - 1. Let f(l) = 2*a(l) - 3*u(l). Let p = 182 +